{"id":204,"date":"2017-03-30T16:40:45","date_gmt":"2017-03-30T16:40:45","guid":{"rendered":"http:\/\/vswondrak-stockerau.ac.at\/wordpress\/?page_id=204"},"modified":"2024-10-12T06:56:53","modified_gmt":"2024-10-12T06:56:53","slug":"schwerpunkte","status":"publish","type":"page","link":"http:\/\/www.vswondrak-stockerau.at\/wordpress\/schwerpunkte\/","title":{"rendered":"Schwerpunkte"},"content":{"rendered":"<p><strong>Soziales Lernen:<\/strong><br \/>\nBereits ab der 1. Klasse wird verst\u00e4rkt an den Sozialen Kompetenzen gearbeitet:<br \/>\n<strong>Ich &#8211; Du &#8211; Wir<\/strong>. Auf dieser Grundlage wird in den n\u00e4chsten Jahren aufgebaut.<\/p>\n<p><strong>Deutschf\u00f6rderklasse:<\/strong><br \/>\nDie Arbeit in der Deutschf\u00f6rderklasse spielt eine entscheidende Rolle in der Integration von Sch\u00fclerinnen und Sch\u00fclern mit nicht-deutscher Muttersprache. Hauptziel dieser Klassen ist die gezielte F\u00f6rderung der deutschen Sprache. Die Kinder lernen nicht nur die Grundlagen der Grammatik und des Wortschatzes, sondern auch kommunikative F\u00e4higkeiten, die sie im Alltag und im schulischen Kontext ben\u00f6tigen. So soll den Sch\u00fclerinnen und Sch\u00fclern erm\u00f6glicht werden, dem Unterricht in einer Regelklasse folgen zu k\u00f6nnen.<\/p>\n<p><strong>Schwimmen<\/strong>:<br \/>\nAlle 3. Klassen erhalten w\u00f6chentlich Schwimmunterricht. Die Kinder haben die M\u00f6glichkeit, eine Schwimmpr\u00fcfung abzulegen. Die jeweils besten Schwimmer des Jahrgangs fahren mit zu den Bezirksmeisterschaften.<\/p>\n<p><strong>Theater<\/strong>:<br \/>\nEinerseits werden verschiedene Theatervorstellungen besucht (Z 2000, Lenautheater, Theater Akzent,\u2026), andererseits laden wir auch immer wieder Theatergruppen, die zu unseren Schwerpunkten und Themen passen, in die Schule ein.<\/p>\n<p><strong>Projekttage<\/strong>:<br \/>\nDiese reichen von einzelnen Wien-Tagen bzw. St. P\u00f6lten-Tagen bis hin zu ganzen Projektwochen, in denen verschiedene Themen vertieft werden.<\/p>\n<p><strong>Verst\u00e4rktes Angebot im Bereich der Verkehrserziehung:<\/strong><br \/>\nHierzu z\u00e4hlen verschiedene Aktionen, bei denen uns die jeweiligen Einrichtungen unterst\u00fctzen: Apfel &#8211; Zitrone (Polizei), Blick und Click (\u00d6AMTC), Hallo Auto (\u00d6AMTC)<\/p>\n<p><strong>Gesundheitsf\u00f6rdernde Ma\u00dfnahmen:<\/strong><br \/>\nIn vielen Klassen ist die gesunde Jause fixer Bestandteil f\u00fcr die Pause geworden. Gemeinsam werden Brot, Aufstrich, Kr\u00e4uter, Obst, Gem\u00fcse,\u2026 aufgetischt und verspeist. Die Kinder nehmen diesen gesunden Snack mit Begeisterung an.<br \/>\nAuch im Zahnhygieneprogramm &#8222;Apollonia&#8220; wird den Kindern gesunde Ern\u00e4hrung und die richtige Zahnpflege n\u00e4her gebracht.<\/p>\n<p><strong>Fu\u00dfball<\/strong>:<br \/>\nF\u00fcr begeisterte Fu\u00dfballer besteht die M\u00f6glichkeit, in einer Schulmannschaft am Bezirkswettkampf teilzunehmen.<\/p>\n<p><strong>Wallfahrt<\/strong>:<br \/>\nBereits zur Tradition ist unsere Schulwallfahrt geworden. Im Zweijahresrhythmus pilgern Kinder, Lehrer und Eltern aus verschiedenen Religionen gemeinsam.<\/p>\n<p><strong>Schulfest<\/strong>:<br \/>\nAlle zwei Jahre veranstaltet die Schule ein gro\u00dfes Schulfest. Durch die tatkr\u00e4ftige Unterst\u00fctzung der Eltern wird dies immer ein toller Tag f\u00fcr die Kinder.<\/p>\n<p><strong>Leseabend \/ Lesenacht:<br \/>\n<\/strong>Jedes Kind sollte im Laufe der Schulzeit an der Volksschule Wondrak einen Leseabend bzw. eine Lesenacht erleben d\u00fcrfen. Diese Erlebnisse sind oftmals unvergessen und bleiben den Kindern in guter Erinnerung.<strong><br \/>\n<\/strong><\/p>\n<p><strong>Nahtstellenarbeit<\/strong>:<br \/>\nDie Zusammenarbeit Kindergarten &#8211; Volksschule bzw. Volksschule &#8211; Mittelschule ist bereits zu einer Selbstverst\u00e4ndlichkeit geworden und erm\u00f6glicht so den Kindern einen entspannten \u00dcbertritt in die n\u00e4chste Instutition.<\/p>\n<p><strong>Unverbindliche \u00dcbungen<\/strong><strong><br \/>\n<\/strong><\/p>\n<p><strong>Outdoor-Tage mit ASK\u00d6 \/ Sportunion<br \/>\n<\/strong><\/p>\n<p><strong>Zus\u00e4tzliche Turnstunde \/ Programm KiGeBe &#8222;Kinder gesund bewegen&#8220;<br \/>\n<\/strong><\/p>\n","protected":false},"excerpt":{"rendered":"<p>Soziales Lernen: Bereits ab der 1. Klasse wird verst\u00e4rkt an den Sozialen Kompetenzen gearbeitet: Ich &#8211; Du &#8211; Wir. Auf &hellip; <\/p>\n","protected":false},"author":17,"featured_media":0,"parent":0,"menu_order":0,"comment_status":"closed","ping_status":"closed","template":"","meta":{"footnotes":""},"class_list":["post-204","page","type-page","status-publish","hentry"],"_links":{"self":[{"href":"http:\/\/www.vswondrak-stockerau.at\/wordpress\/wp-json\/wp\/v2\/pages\/204","targetHints":{"allow":["GET"]}}],"collection":[{"href":"http:\/\/www.vswondrak-stockerau.at\/wordpress\/wp-json\/wp\/v2\/pages"}],"about":[{"href":"http:\/\/www.vswondrak-stockerau.at\/wordpress\/wp-json\/wp\/v2\/types\/page"}],"author":[{"embeddable":true,"href":"http:\/\/www.vswondrak-stockerau.at\/wordpress\/wp-json\/wp\/v2\/users\/17"}],"replies":[{"embeddable":true,"href":"http:\/\/www.vswondrak-stockerau.at\/wordpress\/wp-json\/wp\/v2\/comments?post=204"}],"version-history":[{"count":8,"href":"http:\/\/www.vswondrak-stockerau.at\/wordpress\/wp-json\/wp\/v2\/pages\/204\/revisions"}],"predecessor-version":[{"id":36238,"href":"http:\/\/www.vswondrak-stockerau.at\/wordpress\/wp-json\/wp\/v2\/pages\/204\/revisions\/36238"}],"wp:attachment":[{"href":"http:\/\/www.vswondrak-stockerau.at\/wordpress\/wp-json\/wp\/v2\/media?parent=204"}],"curies":[{"name":"wp","href":"https:\/\/api.w.org\/{rel}","templated":true}]}}